 14?
13
What is the remainder when 1307 is divided by 17?
15
What is the remainder when 109 is divided by 38?
33
What is the remainder when 729 is divided by 115?
39
Calculate the remainder when 44 is divided by 30.
14
What is the remainder when 205 is divided by 43?
33
What is the remainder when 86 is divided by 69?
17
What is the remainder when 1614 is divided by 160?
14
Calculate the remainder when 6814 is divided by 17.
14
Calculate the remainder when 910 is divided by 48.
46
Calculate the remainder when 1908 is divided by 12.
0
Calculate the remainder when 68 is divided by 20.
8
Calculate the remainder when 1040 is divided by 31.
17
Calculate the remainder when 202 is divided by 23.
18
What is the remainder when 157 is divided by 68?
21
What is the remainder when 246 is divided by 80?
6
Calculate the remainder when 150 is divided by 37.
2
Calculate the remainder when 2127 is divided by 30.
27
Calculate the remainder when 656 is divided by 27.
8
What is the remainder when 195 is divided by 40?
35
What is the remainder when 6393 is divided by 78?
75
Calculate the remainder when 312 is divided by 86.
54
What is the remainder when 56 is divided by 19?
18
Calculate the remainder when 339 is divided by 205.
134
Calculate the remainder when 271 is divided by 144.
127
Calculate the remainder when 47 is divided by 7.
5
What is the remainder when 268 is divided by 134?
0
Calculate the remainder when 956 is divided by 315.
11
What is the remainder when 96 is divided by 15?
6
What is the remainder when 2375 is divided by 42?
23
What is the remainder when 369 is divided by 93?
90
Calculate the remainder when 289 is divided by 58.
57
Calculate the remainder when 233 is divided by 39.
38
Calculate the remainder when 187 is divided by 24.
19
What is the remainder when 27 is divided by 4?
3
Calculate the remainder when 442 is divided by 52.
26
Calculate the remainder when 419 is divided by 15.
14
What is the remainder when 56 is divided by 51?
5
Calculate the remainder when 1163 is divided by 16.
11
What is the remainder when 67 is divided by 59?
8
What is the remainder when 556 is divided by 28?
24
What is the remainder when 5047 is divided by 12?
7
What is the remainder when 423 is divided by 73?
58
Calculate the remainder when 87 is divided by 19.
11
Calculate the remainder when 693 is divided by 69.
3
What is the remainder when 887 is divided by 33?
29
What is the remainder when 247 is divided by 79?
10
Calculate the remainder when 852 is divided by 425.
2
Calculate the remainder when 115 is divided by 40.
35
What is the remainder when 571 is divided by 17?
10
What is the remainder when 115 is divided by 59?
56
What is the remainder when 19984 is divided by 5?
4
Calculate the remainder when 140 is divided by 22.
8
What is the remainder when 855 is divided by 284?
3
What is the remainder when 53 is divided by 14?
11
What is the remainder when 319 is divided by 21?
4
What is the remainder when 416 is divided by 86?
72
What is the remainder when 920 is divided by 42?
38
What is the remainder when 279 is divided by 34?
7
What is the remainder when 785 is divided by 113?
107
What is the remainder when 493 is divided by 243?
7
Calculate the remainder when 141 is divided by 12.
9
What is the remainder when 82 is divided by 43?
39
What is the remainder when 16 is divided by 16?
0
Calculate the remainder when 137 is divided by 23.
22
What is the remainder when 331 is divided by 311?
20
Calculate the remainder when 121 is divided by 108.
13
Calculate the remainder when 81 is divided by 3.
0
What is the remainder when 343 is divided by 6?
1
What is the remainder when 1992 is divided by 174?
78
Calculate the remainder when 283 is divided by 58.
51
What is the remainder when 501 is divided by 20?
1
What is the remainder when 157 is divided by 67?
23
What is the remainder when 5351 is divided by 20?
11
What is the remainder when 30 is divided by 5?
0
What is the remainder when 11904 is divided by 52?
48
Calculate the remainder when 5000 is divided by 5.
0
Calculate the remainder when 22397 is divided by 40.
37
What is the remainder when 329 is divided by 71?
45
Calculate the remainder when 32 is divided by 14.
4
Calculate the remainder when 2014 is divided by 5.
4
Calculate the remainder when 2323 is divided by 17.
11
Calculate the remainder when 3040 is divided by 1012.
4
Calculate the remainder when 1063 is divided by 183.
148
Calculate the remainder when 861 is divided by 221.
198
Calculate the remainder when 941 is divided by 210.
101
What is the remainder when 4284 is divided by 3?
0
Calculate the remainder when 189 is divided by 93.
3
Calculate the remainder when 224 is divided by 12.
8
What is the remainder when 628 is divided by 78?
4
Calculate the remainder when 148 is divided by 27.
13
Calculate the remainder when 1012 is divided by 111.
13
What is the remainder when 127 is divided by 56?
15
Calculate the remainder when 1570 is divided by 7.
2
Calculate the remainder when 15 is divided by 6.
3
Calculate the remainder when 279 is divided by 36.
27
What is the remainder when 1134 is divided by 71?
69
Calculate the remainder when 997 is divided by 20.
17
What is the remainder when 158 is divided by 24?
14
Calculate the remainder when 2186 is divided by 717.
35
Calculate the remainder when 1097 is divided by 38.
33
What is the remainder when 7051 is divided by 43?
42
Calculate the remainder when 422 is divided by 41.
12
Calculate the remainder when 381 is divided by 56.
45
Calculate the remainder when 3006 is divided by 84.
66
What is the remainder when 39 is divided by 34?
5
Calculate the remainder when 8180 is divided by 1360.
20
Calculate the remainder when 97 is divided by 52.
45
What is the remainder when 11 is divided by 5?
1
What is the remainder when 620 is divided by 103?
2
What is the remainder when 561 is divided by 22?
11
What is the remainder when 23 is divided by 6?
5
Calculate the remainder when 1243 is divided by 52.
47
What is the remainder when 49 is divided by 26?
23
What is the remainder when 144 is divided by 4?
0
What is the remainder when 1351 is divided by 13?
12
Calculate the remainder when 120 is divided by 26.
16
What is the remainder when 3737 is divided by 3733?
4
Calculate the remainder when 206 is divided by 2.
0
What is the remainder when 208 is divided by 57?
37
Calculate the remainder when 5344 is divided by 101.
92
What is the remainder when 48409 is divided by 47?
46
Calculate the remainder when 464 is divided by 45.
14
What is the remainder when 5785 is divided by 118?
3
What is the remainder when 25 is divided by 9?
7
Calculate the remainder when 1405 is divided by 44.
41
What is the remainder when 218 is divided by 24?
2
Calculate the remainder when 380 is divided by 155.
70
What is the remainder when 329 is divided by 111?
107
Calculate the remainder when 79 is divided by 56.
23
Calculate the remainder when 396 is divided by 21.
18
What is the remainder when 2406 is divided by 83?
82
Calculate the remainder when 37 is divided by 22.
15
What is the remainder when 55 is divided by 12?
7
What is the remainder when 754 is divided by 36?
34
What is the remainder when 29 is divided by 20?
9
What is the remainder when 375 is divided by 88?
23
Calculate the remainder when 2043 is divided by 674.
21
Calculate the remainder when 389 is divided by 188.
13
Calculate the remainder when 2819 is divided by 31.
29
Calculate the remainder when 497 is divided by 139.
80
What is the remainder when 853 is divided by 50?
3
What is the remainder when 95 is divided by 65?
30
What is the remainder when 186 is divided by 65?
56
Calculate the remainder when 198 is divided by 8.
6
Calculate the remainder when 2088 is divided by 66.
42
Calculate the remainder when 243 is divided by 4.
3
What is the remainder when 720 is divided by 59?
12
What is the remainder when 445 is divided by 91?
81
Calculate the remainder when 358 is divided by 87.
10
Calculate the remainder when 464 is divided by 8.
0
What is the remainder when 478 is divided by 16?
14
What is the remainder when 203 is divided by 84?
35
What is the remainder when 314 is divided by 211?
103
Calculate the remainder when 165 is divided by 84.
81
What is the remainder when 6425 is divided